s divided by 69?
10
Calculate the remainder when 595 is divided by 454.
141
What is the remainder when 6331 is divided by 64?
59
Calculate the remainder when 1269 is divided by 11.
4
What is the remainder when 515 is divided by 254?
7
Calculate the remainder when 2361 is divided by 11.
7
Calculate the remainder when 153 is divided by 31.
29
Calculate the remainder when 1096 is divided by 11.
7
What is the remainder when 206 is divided by 13?
11
Calculate the remainder when 101 is divided by 13.
10
Calculate the remainder when 314 is divided by 105.
104
Calculate the remainder when 366 is divided by 114.
24
Calculate the remainder when 918 is divided by 304.
6
What is the remainder when 1518 is divided by 94?
14
Calculate the remainder when 20 is divided by 6.
2
Calculate the remainder when 596 is divided by 86.
80
Calculate the remainder when 2087 is divided by 519.
11
What is the remainder when 133 is divided by 25?
8
What is the remainder when 15 is divided by 9?
6
Calculate the remainder when 75 is divided by 41.
34
What is the remainder when 2531 is divided by 15?
11
Calculate the remainder when 678 is divided by 19.
13
What is the remainder when 639 is divided by 155?
19
What is the remainder when 1016 is divided by 9?
8
What is the remainder when 136 is divided by 87?
49
What is the remainder when 579 is divided by 53?
49
Calculate the remainder when 286 is divided by 27.
16
What is the remainder when 187 is divided by 169?
18
What is the remainder when 1593 is divided by 24?
9
Calculate the remainder when 14 is divided by 1.
0
Calculate the remainder when 41 is divided by 34.
7
What is the remainder when 419 is divided by 6?
5
What is the remainder when 1384 is divided by 22?
20
Calculate the remainder when 2652 is divided by 15.
12
What is the remainder when 26 is divided by 15?
11
Calculate the remainder when 80 is divided by 7.
3
Calculate the remainder when 356 is divided by 20.
16
What is the remainder when 7891 is divided by 42?
37
What is the remainder when 303 is divided by 51?
48
Calculate the remainder when 356 is divided by 7.
6
Calculate the remainder when 101 is divided by 93.
8
What is the remainder when 436 is divided by 56?
44
Calculate the remainder when 2130 is divided by 61.
56
Calculate the remainder when 308 is divided by 282.
26
Calculate the remainder when 432 is divided by 31.
29
What is the remainder when 12 is divided by 8?
4
What is the remainder when 1026 is divided by 452?
122
Calculate the remainder when 13846 is divided by 12.
10
What is the remainder when 1377 is divided by 13?
12
Calculate the remainder when 269 is divided by 268.
1
What is the remainder when 237 is divided by 17?
16
Calculate the remainder when 637 is divided by 316.
5
Calculate the remainder when 238 is divided by 25.
13
Calculate the remainder when 143 is divided by 12.
11
What is the remainder when 209 is divided by 21?
20
What is the remainder when 71 is divided by 38?
33
Calculate the remainder when 73 is divided by 30.
13
What is the remainder when 9873 is divided by 38?
31
What is the remainder when 90 is divided by 32?
26
What is the remainder when 48 is divided by 3?
0
Calculate the remainder when 830 is divided by 406.
18
What is the remainder when 6183 is divided by 8?
7
Calculate the remainder when 35 is divided by 19.
16
Calculate the remainder when 22762 is divided by 84.
82
What is the remainder when 413 is divided by 26?
23
What is the remainder when 266 is divided by 27?
23
Calculate the remainder when 1937 is divided by 642.
11
Calculate the remainder when 2697 is divided by 51.
45
Calculate the remainder when 2650 is divided by 91.
11
What is the remainder when 296 is divided by 98?
2
Calculate the remainder when 393 is divided by 71.
38
What is the remainder when 1487 is divided by 16?
15
What is the remainder when 2211 is divided by 96?
3
Calculate the remainder when 2242 is divided by 13.
6
Calculate the remainder when 314 is divided by 150.
14
Calculate the remainder when 131 is divided by 38.
17
Calculate the remainder when 2216 is divided by 247.
240
Calculate the remainder when 127 is divided by 42.
1
What is the remainder when 950 is divided by 53?
49
What is the remainder when 1562 is divided by 17?
15
Calculate the remainder when 269 is divided by 3.
2
Calculate the remainder when 39 is divided by 18.
3
Calculate the remainder when 571 is divided by 58.
49
Calculate the remainder when 219 is divided by 94.
31
Calculate the remainder when 142 is divided by 29.
26
Calculate the remainder when 210 is divided by 43.
38
What is the remainder when 159 is divided by 55?
49
Calculate the remainder when 220 is divided by 104.
12
Calculate the remainder when 371 is divided by 62.
61
What is the remainder when 16317 is divided by 30?
27
Calculate the remainder when 116 is divided by 41.
34
What is the remainder when 4769 is divided by 34?
9
Calculate the remainder when 619 is divided by 288.
43
What is the remainder when 131 is divided by 44?
43
Calculate the remainder when 271 is divided by 34.
33
Calculate the remainder when 1194 is divided by 200.
194
Calculate the remainder when 337 is divided by 151.
35
Calculate the remainder when 193 is divided by 83.
27
Calculate the remainder when 16566 is divided by 19.
17
Calculate the remainder when 1068 is divided by 205.
43
What is the remainder when 17 is divided by 9?
8
Calculate the remainder when 644 is divided by 6.
2
Calculate the remainder when 1486 is divided by 35.
16
What is the remainder when 1256 is divided by 51?
32
What is the remainder when 2729 is divided by 15?
14
Calculate the remainder when 390 is divided by 131.
128
Calculate the remainder when 1882 is divided by 59.
53
What is the remainder when 6648 is divided by 70?
68
Calculate the remainder when 295 is divided by 155.
140
Calculate the remainder when 111 is divided by 7.
6
Calculate the remainder when 10231 is divided by 119.
116
Calculate the remainder when 125 is divided by 110.
15
What is the remainder when 35 is divided by 13?
9
What is the remainder when 652 is divided by 633?
19
Calculate the remainder when 1072 is divided by 224.
176
Calculate the remainder when 238 is divided by 5.
3
Calculate the remainder when 178 is divided by 51.
25
Calculate the remainder when 649 is divided by 425.
224
What is the remainder when 462 is divided by 15?
12
What is the remainder when 6435 is divided by 41?
39
Calculate the remainder when 643 is divided by 318.
7
What is the remainder when 67 is divided by 19?
10
Calculate the remainder when 18 is divided by 3.
0
Calculate the remainder when 143 is divided by 25.
18
What is the remainder when 13413 is divided by 213?
207
Calculate the remainder when 342 is divided by 67.
7
Calculate the remainder when 69 is divided by 59.
10
Calculate the remainder when 3698 is divided by 4.
2
What is the remainder when 1252 is divided by 314?
310
What is the remainder when 365 is divided by 23?
20
Calculate the remainder when 1077 is divided by 57.
51
What is the remainder when 102 is divided by 15?
12
Calculate the remainder when 41 is divided by 9.
5
What is the remainder when 2604 is divided by 217?
0
Calculate the remainder when 243 is divided by 81.
0
What is the remainder when 528 is divided by 34?
18
Calculate the remainder when 1307 is divided by 41.
36
What is the remainder when 83 is divided by 3?
2
What is the remainder when 614 is divided by 15?
14
What is the remainder when 1273 is divided by 44?
41
What is the remainder when 203 is divided by 63?
14
Calculate the remainder when 217 is divided by 17.
13
What is the remainder when 4920 is divided by 17?
7
What is the remainder when 132 is divided by 31?
8
Calculate the remainder when 394 is divided by 66.
64
Calculate the remainder when 48 is divided by 4.
0
What is the remainder when 109 is divided by 23?
17
Calculate the remainder when 143 is divided by 7.
3
Calculate the remainder when 186 is divided by 16.
10
What is the remainder when 653 is divided by 3?
2
Calculate the remainder when 111 is divided by 16.
15
Calculate the remainder when 203 is divided by 55.
38
What is the remainder when 503 is divided by 56?
55
What is the remainder when 135 is divided by 46?
43
What is the remainder when 24613 i